Let c = o + -44. List the prime factors of i(c).
2, 7
Suppose 7*w + 455 = -119. Let h = w - -87. Suppose 3*t - h*c = 172, -5*t = -3*c - 183 - 93. What are the prime factors of t?
2, 3
Let c = -15842 + 31394. Suppose p - c = -35*p. What are the prime factors of p?
2, 3
Let t(u) = u**3 - 5*u**2 + 15. Let v be t(4). Let s be ((-150)/3)/(v*4/4). Suppose 2*j - 4*o + 18 = s, 5*o = j - 16. What are the prime factors of j?
2
Let r = -85 + 89. Suppose r*i - 111 = 793. What are the prime factors of i?
2, 113
Let g(f) = 65*f - 291. List the prime factors of g(11).
2, 53
Suppose -102 = 2*v - 88. Let n = -119 - -84. List the prime factors of (-218)/v + 5/n.
31
Suppose 3*t - 23242 = -j + 7961, -3*j + 93604 = 4*t. What are the prime factors of j?
2, 3, 5, 13
Suppose -5*a - 14 = -3*d, 0 = 2*d - 2*a - 2*a - 12. What are the prime factors of d*14/7 - -318?
2, 157
What are the prime factors of 11296 - (9 - (1 + (-5 - -3)))?
2, 3, 11, 19
Suppose 126320 = 2*z + 2*g, -54459 = 2*z + 5*g - 180782. What are the prime factors of z?
3, 37, 569
Suppose 12532 + 12958 = 5*j. List the prime factors of j.
2, 2549
Let c(x) = -x**2 - 13*x - 32. Let v be c(-8). Suppose 0 = 2*w - 6*w + v. What are the prime factors of (-1)/w + 270/4?
67
Let t(j) = -132*j - 19. Let k be t(-6). Let b = -443 + k. Suppose 4*s = 2*m - b, 2 = -2*s + 3*s. List the prime factors of m.
13
Let d(c) = 43*c**2 - 9*c - 22. Suppose -3*p = 3*n + 10 - 7, -3*p = -4*n + 17. List the prime factors of d(p).
2, 7
Let m(c) = -2*c - 27. Let b be m(-23). Let x = 48 - b. What are the prime factors of 28/10*(x - -6)?
2, 7
Suppose l = 5*s - 2722, -419 = -s + 16*l + 236. List the prime factors of s.
3, 181
Let u(j) = -34*j - 188. Let w be (-1)/(0 + 1/29). What are the prime factors of u(w)?
2, 3, 7, 19
Suppose 8*r - 12*r + 20450 + 32082 = 0. List the prime factors of r.
23, 571
Suppose 13*x = 10*x + 9. Suppose 3*f - x*g = -g + 5, 8 = -2*g. Let r = 16 - f. List the prime factors of r.
17
Let x = 217 - 212. Suppose x*o + t - 1355 = -0*t, 5*o + 5*t = 1355. What are the prime factors of o?
271
Let q(o) = -14*o - 3. Let j be q(3). Suppose 248 = 3*x - 16. Let m = j + x. What are the prime factors of m?
43
Let y = 16 - 2. List the prime factors of 2/(-4)*-633 - y/(-28).
317
Suppose 5*k + 32 = 4*b, 4*b - 11 = -k + 21. Suppose 2*i = b, -6*w = -5*w + 5*i - 514. What are the prime factors of w?
2, 13, 19
Let h(n) = 74*n - 200. Suppose 44*o = 34*o + 110. What are the prime factors of h(o)?
2, 307
Let i(l) = l + 8. Let w be i(-5). Suppose w*h + 1 + 11 = 0. List the prime factors of (h - ((-4 - -2) + 9))*-11.
11
What are the prime factors of 9456 + 3*2/3*-2?
2, 17, 139
Suppose 0 = -2*v + 13*d - 12*d + 1, -4*v = 4*d - 32. Suppose -b - 2*g - 599 = -4*b, 4*b = -v*g + 793. List the prime factors of b.
199
Let o(z) = 131*z**2 - 8*z - 9. Let g be (144/60)/(-6) + (-8)/5. List the prime factors of o(g).
3, 59
Let k be 71/(-3)*(-2 + 1 - 11). Suppose -3*w = 5*z - 1562, -3*z + 1230 - k = 4*w. List the prime factors of z.
2, 5, 31
Suppose 0 = -47*a + 28*a + 24*a - 130810. What are the prime factors of a?
2, 103, 127
Let x be 2/(-26) - (-444)/26. Let z(h) = -h**3 + 25*h**2 - 37*h - 87. What are the prime factors of z(x)?
2, 3, 7, 19
Let s(b) = -4 + 1 + b + 11. Let q be s(-12). What are the prime factors of (-1)/((9/q)/9)?
2
Suppose -5*s = k + 16, 3*s - 47 = 2*k - 2*s. Let m be (-48)/k - 6/21. Suppose c + 366 = m*f + 2*f, 96 = f + 2*c. What are the prime factors of f?
2, 23
Let v(g) = -2354*g - 717. List the prime factors of v(-10).
29, 787
Suppose 4*k = 4*i + 52, 3*i - 4*k = -3 - 41. Let a be 6/i + (-456)/(-96). Suppose a*g - 267 = -7. What are the prime factors of g?
5, 13
Let x = 114 - 110. What are the prime factors of 700 - (-5 - (6/3 - x))?
19, 37
Suppose -s - 1423 + 3271 = 0. Let k = s + -296. What are the prime factors of k?
2, 97
Let n(q) be the second derivative of 11*q**4/12 - 7*q**3/3 - 31*q**2 + 3*q - 7. What are the prime factors of n(-5)?
283
Let q be 8/(-16)*(1 + 757). Let x = 1370 + q. List the prime factors of x.
991
Suppose 2*v - 3325 = 5*l - 2*v, 2*l + 1318 = 4*v. Let o = l - -1047. What are the prime factors of o?
2, 3, 7
Let a = -53 - 0. Let t = 52 + a. What are the prime factors of (-4)/(2/t - 0) - -88?
2, 3, 5
Suppose -9*w + 13879 = 1099. What are the prime factors of (2*3)/((-5)/(w/(-3)))?
2, 71
Suppose -3*h + h - 301 = 3*b, 0 = b + 2*h + 99. Let y = b - -77. Let n = y - -82. What are the prime factors of n?
2, 29
Let x(c) = c**2 - 5*c + 10. Suppose 4*j - 121 = -1. Let o = -18 + j. List the prime factors of x(o).
2, 47
Let n(b) = -2*b**3 - 17*b**2 - 43*b - 188. List the prime factors of n(-16).
2, 5, 7, 31
Let o = 10297 - -3865. What are the prime factors of o?
2, 73, 97
Suppose -3126 = -2*m + m. Suppose -o = -4*f + 6597, 3*f - m - 1833 = -3*o. List the prime factors of (1 + 25/(-15))/((-4)/f).
5, 11
Let j(f) = -6*f**3 - 125*f**2 - 41*f - 94. List the prime factors of j(-24).
2, 61, 97
Suppose -5*b = -5*a - 0*b + 35695, 5*a = -b + 35683. What are the prime factors of a?
3, 13, 61
Suppose -o = 5*j - 1923 - 3544, -6*o + j = -32647. List the prime factors of o.
2, 3, 907
Let m = 310 + -101. Suppose 7*w + 874 = 3*w - 3*o, w = 4*o - m. Let i = 379 + w. List the prime factors of i.
2, 3
Let d(m) = -353*m + 11169. List the prime factors of d(-9).
2, 3, 797
Let z(j) = -10*j**2 - 6*j + 6. Let a be z(-2). Let f(r) = r**3 + 21*r**2 - 29*r + 39. What are the prime factors of f(a)?
193
Let k = 31 - 35. Let p be 2 + 62/k + 2/4. List the prime factors of (-874)/(-8) + (p/4 - -3).
109
Let k(a) = 17*a - 82. Let c be k(5). Suppose 2*b - 15 = 5*b, 0 = 3*s + c*b - 3654. What are the prime factors of s?
1223
Suppose 0 = -154*n + 9320201 - 1948683. What are the prime factors of n?
151, 317
Let b = 26954 + -3601. List the prime factors of b.
11, 193
Let w be (-12)/(3/2 + 3)*90. List the prime factors of 1/4 + (-1140)/w.
5
Let t(v) = 348*v**3 - 3*v**2 - 5. Let u(b) = -347*b**3 + 2*b**2 - b + 4. Let s(y) = -2*t(y) - 3*u(y). What are the prime factors of s(1)?
2, 173
Let m = -2 - -12. Suppose -3*f - 4 = -2*g, g - 8*f - 2 = -6*f. List the prime factors of -1 - (501/(-5) + g/m).
3, 11
Let v(m) = -m**2 - 65 + 223*m - 89*m - 173*m. Let x(o) = -o**2 + 5*o + 4. Let n be x(-4). List the prime factors of v(n).
3, 53
Let g(t) = 7*t**3 - 13*t**2 - t + 13. Let l(n) = -6*n**3 + 13*n**2 + n - 12. Let w(z) = 5*g(z) + 6*l(z). Let i = -33 + 46. List the prime factors of w(i).
2, 3
Let j(q) = 10*q**2 - 25*q - 7. Suppose 83 = -21*y - 22. What are the prime factors of j(y)?
2, 23
Let r be 4*6 - 1 - (13 - 14). List the prime factors of -3 + (3952/r)/(2/6).
491
Suppose -s - 5*y + 3379 = 0, -3*s - 18*y + 10093 = -14*y. List the prime factors of s.
3359
Let l(z) = -656*z + 1846. List the prime factors of l(-12).
2, 43, 113
Let z(r) = -r**2 + 19*r - 16. Let t be z(18). Suppose -g - 5*f = -311, -2*g + 627 = 3*f + t*f. What are the prime factors of g?
2, 79
Let i(m) = -75*m**3 - 51*m**2 - 18*m - 13. List the prime factors of i(-8).
35267
What are the prime factors of (15963/(-34))/(6/(-136))?
2, 17, 313
Let l(c) be the first derivative of -2*c**3/3 - 7*c**2 + 4*c + 43. Let u be l(-7). Suppose -u*p = -p - 111. What are the prime factors of p?
37
Suppose 0 = -7*t + 12*t - 105. Let m = t + -6. Suppose 2*z = 3*y + z - m, -21 = -y - 5*z. List the prime factors of y.
2, 3
Let t(l) = 562*l + 36. Let c be t(6). List the prime factors of -3 - c/18*-3.
5, 113
Suppose 0 = -3*i + 11*i - 160. Suppose 25*k - i*k - 1680 = 0. List the prime factors of k.
2, 3, 7
Suppose w = p - 1835, -32*p + 28*p = -w - 7331. What are the prime factors of p?
2, 229
Let u be (1/3)/((-6)/72). Let a(s) = -s**2 - 5*s - 1. Let c be a(u). Suppose c*p - 8*p = -500. What are the prime factors of p?
2, 5
Let t(o) = 225*o - 514. What are the prime factors of t(22)?
2, 1109
Suppose 10 = 2*p - 0. Suppose 3*x + 2*a - 4*a - 181 = 0, p*x = -4*a + 309. Suppose -h - x = -2*h. List the prime factors of h.
61
Let z(w) = 162*w - 24. Let f be z(-14). Let i = -1383 - f. What are the prime factors of i?
3, 101
Suppose 0 = -5*u - 5*k + 5, -5*u + k - 5*k = -4. Suppose g + 0 + 0 = u. Suppose g*m - 820 = -5*m. List the prime factors of m.
2, 41
Let h(t) = -951*t + 2. Suppose -3*w + 0*j + 3 = -3*j, 0 = -2*w + j. List the prime fact